 1. Let s(y) = 2*n(y) + 3*z(y). Calculate s(-1).
-49
Let f(b) = 3*b + 2875*b**3 - 2876*b**3 - 5*b**2 + 6 + 3*b. What is f(-5)?
-24
Let n(h) be the first derivative of -10*h**3/3 + h**2/2 + h - 4. What is n(-1)?
-10
Let j(v) = 3*v - 6. Let p(s) = 1. Let b(r) = -j(r) - 12*p(r). Let m(k) = -3*k**2 + 2*k + 1. Let q be m(-1). Calculate b(q).
6
Suppose 0 = -0*t - t + 5. Suppose -3*o - l = -9, -3*o + 15 = 2*o - t*l. Suppose 2*f + o*z = 0, z + 4 = 2*z. Let g(k) = -k**2 - 6*k - 5. Give g(f).
-5
Let y(u) be the first derivative of -u**3/6 - 5*u**2/2 - 17*u - 1. Let b(m) be the first derivative of y(m). Give b(-5).
0
Suppose -5*y + 2*f + 18 = 0, 3*y - 11 = -y + 5*f. Suppose 0 = j + y*j - 15. Let n(a) = 2*a**2 - 6 + 4*a**3 + 3 - 5*a**3 + j*a. Give n(3).
-3
Let v be 9 + (-32)/6*3. Let l(x) = -x**3 - 6*x**2 + 5*x. What is l(v)?
14
Let f(j) = j**2 + 4. Let b(l) = 26*l**2 - 1. Let s be b(-1). Suppose -40 = 3*y - s. Calculate f(y).
29
Let t(k) = k**3 + k**2 + k. Suppose -12*v + 4*d = -11*v + 18, 2*d = -4*v. What is t(v)?
-6
Suppose -199*s - 170 = -216*s. Let b(q) = q - 20. Determine b(s).
-10
Suppose -30 = -4*h + 2. Let y(u) be the second derivative of -u**4/12 + 3*u**3/2 - 5*u**2 - 226*u. Determine y(h).
-2
Let l(d) = -3*d + 4. Let c(f) = 1. Let t(m) = -m + 3. Let b(h) = 2*c(h) - t(h). Let g(q) = 14*b(q) + 4*l(q). Determine g(4).
10
Suppose -29*w + 413 = -88*w. Let f(n) = -2*n - 10. Determine f(w).
4
Let w(o) = 2 - 5 - o**3 - o + 5 - 5*o**2. Suppose -2*l + 3*k - 4 = 0, -6*k + 2*k = -4*l - 12. What is w(l)?
7
Let c(q) = 0*q + 6 - 3 - 3*q + 0 + 17. Give c(17).
-31
Let u(l) be the third derivative of l**6/120 - 11*l**5/60 + l**4/24 - l**3/3 + 520*l**2. Determine u(11).
9
Suppose -2*x - 21032 = -3*d, -3*d - 4*x + 16840 = -4204. Let q(k) = -7012 + d + k. Suppose -3*u = -4*u + 5. What is q(u)?
5
Suppose -3*x - 2*l + 6 = -x, 0 = -4*l - 4. Let g(y) be the second derivative of -y + 0 + 2/3*y**3 + 3/2*y**2 + 1/12*y**x. What is g(-4)?
3
Suppose 20 = -10*p + 15*p. Suppose 12 = -2*l + p. Let b(t) = t**3 + 3*t**2 - 5*t - 6. Determine b(l).
-2
Let n(c) = -c**3 - 4*c**2 - 3*c + 4. Suppose 0 = -9*v + 10 - 37. Let h be (-4)/v*(-60)/20. Determine n(h).
16
Let f(s) = 3*s**2 + s - 2*s**2 - 640 + 636. Let i be f(2). Let n(h) = h**3 - 4*h**2 + 2*h - 1. Give n(i).
-5
Let j(q) = 2*q**3 - q**2 - 4*q + 4. Let f = 584 + -582. Give j(f).
8
Let f(w) = 7*w + 1. Let i be (3 - 0)*(-1)/(-1). Suppose -6*v + i*v - 6 = 0. Calculate f(v).
-13
Let s(h) be the third derivative of -h**5/15 + 23*h**4/24 + h**3 + 11*h**2 + 11*h. Determine s(6).
0
Let w(q) = -q**3 + 6*q**2 + 5*q - 7. Let d(i) = -i**2 + i - 1. Let k(y) = 3*d(y) + w(y). Give k(4).
6
Let c be -26 + 44 - 7/1. Let m(k) be the second derivative of k**3/6 - 15*k**2/2 - k. Determine m(c).
-4
Let i(w) = -3 + w**3 - w**2 + 69542*w + 3*w**2 - 69542*w. Give i(-4).
-35
Let t(s) = s**2 - 8*s. Let a(x) = -2*x**2 + 16*x. Let c(z) = 4*a(z) + 7*t(z). Let l(b) = -b**3 + b**2 + 8*b. Let o be l(3). What is c(o)?
12
Let v(i) = i**2 - 2*i + 1. Let x(g) = g**2 - 3*g + 1. Let j(h) = 4*v(h) - 3*x(h). Let d(u) = 15*u**2 + 4*u + 1. Let k(l) = d(l) - 2*j(l). What is k(1)?
14
Let o = 4 + -8. Suppose 4*a - 4 = 0, 2*a + 7 + 6 = -3*i. Let g(x) = -3*x**2 + 9*x + 3. Let z(m) = -5*m**2 + 14*m + 5. Let b(w) = i*z(w) + 8*g(w). Give b(o).
7
Let f(w) = 9*w - 30. Let h be f(3). Let i(b) = -5 + 1 + 4 + 4*b + 3. Give i(h).
-9
Let h = 4 - 4. Suppose h = -4*y + 2*u + 10, 0 = 5*u + 5. Let z(l) = 5 + 137*l**y - 7*l + 4 - 136*l**2. Give z(6).
3
Suppose -h = 2*h - 66. Let d = h - 19. Let b(w) = 4*w + 5 - 4*w**d - 46*w**2 + 3*w**3 + 48*w**2. What is b(4)?
-11
Let p(b) = -b**3 - 7*b**2 - 6*b + 3. Let t(z) = z**2 + 2*z - 4. Let r be t(-4). Suppose -r*k = 17 + 7. Give p(k).
3
Suppose -3*v + 536 + 1258 = -3*f, 0 = -2*v + f + 1191. Let q(n) = -593 + v - 8*n. Calculate q(-1).
8
Let w(k) = -143*k - 150*k + 4 + 297*k. What is w(-7)?
-24
Let d(s) = s**3 + 17*s**2 - 22*s - 75. Let w be d(-18). Let p(x) = x + x**2 - 4*x**2 - 2 + 2*x**2 - 2*x. Determine p(w).
-8
Let c(q) = -1. Let j(r) = r + 3. Let g(y) = -c(y) + j(y). Suppose 2*f + 7*x = 3*x - 18, -3*f = x + 22. Calculate g(f).
-3
Let g(b) = 3 + 6*b + 0*b**2 - b**3 + b - 4*b**2. Let t = 9 - 3. Let l be ((-2)/t)/((-3)/(-45)). Determine g(l).
-7
Let w(j) = j**2 - 14*j - 29. Let v be w(16). Let t(b) = b**3 - b - 8. Calculate t(v).
16
Suppose -2*l + 4*v + 12 = 0, -2*l - v = 2*v - 12. Suppose 9*u - l = 10*u. Let n(p) = p**3 + 7*p**2 + 8*p + 3. Determine n(u).
-9
Let v(g) be the second derivative of -2*g**4/3 - g**3/6 - g**2/2 + 5*g + 1. Suppose 1 + 3 = -4*t. What is v(t)?
-8
Let q(t) = 4*t - 8. Let u(h) = -5*h - 42. Let j be u(-9). Give q(j).
4
Let v be (3/(-2))/((-7)/(28/(-3))). Let b(g) = g**3 + 2. Give b(v).
-6
Let p(h) = 4*h. Let o be (-13)/(-15) - 10/(-75). Let g be (-1 - o*-2)/((-21)/(-42)). Give p(g).
8
Let m be (4/6)/((-44)/(-264)). Let r(v) = v**2 - 2*v - 8. Give r(m).
0
Let v(g) = g**2 - 8*g + 12. Let j be v(5). Let h be ((-4)/(-10))/(j/15). Let a(m) = 8*m + 2. Determine a(h).
-14
Let r(k) = k**3 - 4*k**2 + 2*k - 7. Let w(h) be the second derivative of -h**3/6 + h**2/2 - 19*h. Let z(v) = r(v) + 6*w(v). What is z(4)?
-17
Let s(x) = -x**2 + 5*x - 1. Let l(z) = 46*z - 9. Let h be l(3). Let k = h + -59. Let d be 44/10 + 42/k. Give s(d).
-1
Let l(z) = 7*z + 1. Let k(w) = 55*w - 439. Let b be k(8). What is l(b)?
8
Suppose 2 = -5*q - 18. Let d(p) = 3*p**3 - 3*p**2 + 3*p + 3. Let t(m) = 8*m**3 - 6*m**2 + 6*m + 6. Let j(g) = -5*d(g) + 2*t(g). Determine j(q).
-7
Suppose 7 = 3*k - g, 3*k + 0*g - 13 = -2*g. Suppose -2*q + 3*v - 2 = 2*v, q = -k*v - 1. Let z(c) be the first derivative of c**3/3 + 6. Calculate z(q).
1
Let k(s) = -15*s**2 + 1. Suppose -4*j = 4*d + 8, -4*j + 4*d - 4 = -36. Suppose 5*a + 8 = -r, -j*a = -3*r - r - 9. Give k(a).
-14
Let g(z) = -2*z**2 + 3*z - 1. Let i = -17 - -23. Let p = 3 + i. Suppose p = 13*d - 10*d. What is g(d)?
-10
Let k(d) = -6*d**3 - d**2 - 3*d - 2. Suppose 0 = -3*m + 2*h - 9, -5*m + 5*h - 14 = 2*h. Determine k(m).
6
Let p(s) = -62*s + 13. Let i(m) = 27*m - 6. Let o(j) = 7*i(j) + 3*p(j). What is o(8)?
21
Let u(a) = a**3 - 15*a**2 + a - 1. Let z(x) = x**3 - 17*x**2 + x - 1. Let l(k) = 6*u(k) - 5*z(k). What is l(4)?
-13
Let u be 25 - 0*(3 + 0 - 2). Let z(f) = 2*f - 46. Let i be z(u). Let x(q) = -q**2 + q - 1. What is x(i)?
-13
Let k be 2/(-3) + 12/18 + 2. Let o(q) = -q**2. Let c(w) = 3*w**2 + 3*w. Let u(r) = c(r) + 6*o(r). Determine u(k).
-6
Let n(x) = -2*x - 2. Let t be (-2)/(-12) - (-138)/108*3. Let c be (-130)/50 + t/(-10). Calculate n(c).
4
Let n(q) = -q**2 - q + 4. Let f be 40/100 + 2/(-5). Suppose -3*j + j - 8 = f. Calculate n(j).
-8
Let v(n) = -n**3 - 15*n**2 + 102*n + 44. Let d be v(-20). Let q(s) be the second derivative of 1/20*s**5 + 0 + 0*s**d - 1/3*s**3 - 8*s - s**2. Determine q(-2).
-6
Suppose 9 = -3*a + 21, 0 = 4*l - 4*a - 172. Suppose -9*i + 2 = l. Let g(v) be the first derivative of v**3/3 + 9*v**2/2 + 7*v - 2. Determine g(i).
-13
Let g(c) = 15*c**3 + 1. Suppose 3*y - v + 5 = 0, -6 = 6*y - 2*y - v. Determine g(y).
-14
Let n(u) = u**3 - 3*u**2 + 3*u - 2. Suppose -3 = -181*d + 180*d. Suppose 1 + 5 = d*j. Give n(j).
0
Let n(s) = s + 0 - 79*s**2 + 82*s**2 - 6*s - 1. Let c(i) = i**2 - 2*i - 1. Let t(g) = -5*c(g) + 2*n(g). Let o = 0 - 0. Give t(o).
3
Let b be (-3 - 0)*2/3. Let w(n) be the second derivative of -n**4/3 - n**3/2 - 3*n**2/2 - 28*n. What is w(b)?
-13
Let x(m) = -7*m + 38. Let b = -763 + 769. Determine x(b).
-4
Suppose -128*q + 106*q = 264. Let p(w) = -w**2 - 15*w + 14. What is p(q)?
50
Let l be (-4)/22 + 9/(-11). Let k(m) = 26 - 7*m + 33 - 58. Determine k(l).
8
Let w = -25 + 27. Let g = 12 - w. Let i = g - 4. Let a(s) = s. Calculate a(i).
6
Let c be (-1)/(-3)*3*-5. Let k = c + 7. Suppose 3*q = r + k*r - 30, -3*r = 5*q + 18. Let t(i) = i + 7. What is t(q)?
1
Let i(g) = -g**2 + 2*g + 3. Suppose -27 = x - 32. Give i(x).
-12
Let p(r) = r + 31*r + 39*r - 33*r**3 - 72*r. Determine p(1).
-34
Let j(c) = -c**2 + c - 1. Let d(w) = -29*w - 47. Let f(r) = -6*r - 9. Let v(b) = 2*d(b) - 11*f(b). Let m(z) = j(z) - v(z). Calculate m(-5).
4
Let g(p) = p**2 + 4*p - 29. Let q be g(-8). Let n(m) = 4*m + 1. What is n(q)?
13
Let q = 145 - 141. Let n(s) = s**2 - 5*s + 2. Give n(q).
-2
Let c(g) = g**2 + 11*g + 18. Le